{"id":545,"date":"2023-01-17T23:45:01","date_gmt":"2023-01-18T04:45:01","guid":{"rendered":"http:\/\/zv.enriquepareja.com\/tienda\/?post_type=product&#038;p=545"},"modified":"2023-01-17T23:50:23","modified_gmt":"2023-01-18T04:50:23","slug":"tropicamidafenilefrina","status":"publish","type":"product","link":"http:\/\/grupozoovet.com\/tienda\/producto\/tropicamidafenilefrina\/","title":{"rendered":"Tropicamida+Fenilefrina"},"content":{"rendered":"<p>Tropicamida + Fenilefrina.\u00a0 Anticolin\u00e9rgico + Alfa adren\u00e9rgico usado para producir midriasis y cicloplejia durante la exploraci\u00f3n oft\u00e1lmica y durante la cirug\u00eda de cataratas.<\/p>\n","protected":false},"excerpt":{"rendered":"<p><img loading=\"lazy\" decoding=\"async\" class=\"alignnone size-medium wp-image-540\" src=\"http:\/\/zv.enriquepareja.com\/tienda\/wp-content\/uploads\/2023\/01\/tropic2-222x300.jpg\" alt=\"\" width=\"222\" height=\"300\" srcset=\"http:\/\/grupozoovet.com\/tienda\/wp-content\/uploads\/2023\/01\/tropic2-222x300.jpg 222w, http:\/\/grupozoovet.com\/tienda\/wp-content\/uploads\/2023\/01\/tropic2-600x811.jpg 600w, http:\/\/grupozoovet.com\/tienda\/wp-content\/uploads\/2023\/01\/tropic2.jpg 728w\" sizes=\"auto, (max-width: 222px) 100vw, 222px\" \/><\/p>\n","protected":false},"featured_media":540,"template":"","meta":[],"product_cat":[23],"product_tag":[],"class_list":["post-545","product","type-product","status-publish","has-post-thumbnail","hentry","product_cat-oftalmo"],"_links":{"self":[{"href":"http:\/\/grupozoovet.com\/tienda\/wp-json\/wp\/v3\/product\/545","targetHints":{"allow":["GET"]}}],"collection":[{"href":"http:\/\/grupozoovet.com\/tienda\/wp-json\/wp\/v3\/product"}],"about":[{"href":"http:\/\/grupozoovet.com\/tienda\/wp-json\/wp\/v2\/types\/product"}],"wp:featuredmedia":[{"embeddable":true,"href":"http:\/\/grupozoovet.com\/tienda\/wp-json\/wp\/v2\/media\/540"}],"wp:attachment":[{"href":"http:\/\/grupozoovet.com\/tienda\/wp-json\/wp\/v2\/media?parent=545"}],"wp:term":[{"taxonomy":"product_cat","embeddable":true,"href":"http:\/\/grupozoovet.com\/tienda\/wp-json\/wp\/v2\/product_cat?post=545"},{"taxonomy":"product_tag","embeddable":true,"href":"http:\/\/grupozoovet.com\/tienda\/wp-json\/wp\/v2\/product_tag?post=545"}],"curies":[{"name":"wp","href":"https:\/\/api.w.org\/{rel}","templated":true}]}}